{"id":1681,"date":"2024-02-12T19:15:09","date_gmt":"2024-02-12T18:15:09","guid":{"rendered":"https:\/\/minerail.fr\/?page_id=1681"},"modified":"2024-09-04T19:36:38","modified_gmt":"2024-09-04T17:36:38","slug":"animations-2024","status":"publish","type":"page","link":"https:\/\/minerail.fr\/index.php\/animations-2024\/","title":{"rendered":"Animations 2024"},"content":{"rendered":"\n<h2 class=\"wp-block-heading\">JOURNEES DU PATRIMOINE <\/h2>\n\n\n\n<p><em><strong>Rendez vous Samedi 21 septembre et dimanche 22 septembre 2024 de 14h00 \u00e0 18h00.<br>En plus des visites guid\u00e9es et de l&#8217;acc\u00e8s gratuit au train des mineurs pour les visiteurs ( sous r\u00e9serve de la m\u00e9t\u00e9o et de la disponibilit\u00e9 de la locomotive ) vous avez acc\u00e8s \u00e0 une superbe exposition qui est prolong\u00e9e les week-end jusqu&#8217;aux journ\u00e9es du patrimoine<\/strong><\/em>. Tarif unique 5,00 \u20ac \u00e0 partir de 12 ans pour les visites guid\u00e9es et l&#8217;acc\u00e9s \u00e0 toutes les animations et expositions<\/p>\n\n\n\n<figure class=\"wp-block-image size-large\"><img loading=\"lazy\" decoding=\"async\" width=\"768\" height=\"1024\" src=\"https:\/\/minerail.fr\/wp-content\/uploads\/2024\/08\/Affiche-expo-2024-Messeix-Prolongation-768x1024.jpg\" alt=\"\" class=\"wp-image-1765\" srcset=\"https:\/\/minerail.fr\/wp-content\/uploads\/2024\/08\/Affiche-expo-2024-Messeix-Prolongation-768x1024.jpg 768w, https:\/\/minerail.fr\/wp-content\/uploads\/2024\/08\/Affiche-expo-2024-Messeix-Prolongation-225x300.jpg 225w, https:\/\/minerail.fr\/wp-content\/uploads\/2024\/08\/Affiche-expo-2024-Messeix-Prolongation-1152x1536.jpg 1152w, https:\/\/minerail.fr\/wp-content\/uploads\/2024\/08\/Affiche-expo-2024-Messeix-Prolongation-1536x2048.jpg 1536w, https:\/\/minerail.fr\/wp-content\/uploads\/2024\/08\/Affiche-expo-2024-Messeix-Prolongation-scaled.jpg 1920w\" sizes=\"auto, (max-width: 768px) 100vw, 768px\" \/><\/figure>\n\n\n\n<figure class=\"wp-block-image size-large\"><img loading=\"lazy\" decoding=\"async\" width=\"1024\" height=\"768\" src=\"https:\/\/minerail.fr\/wp-content\/uploads\/2024\/08\/le-fouet7-1024x768.jpg\" alt=\"\" class=\"wp-image-1766\" srcset=\"https:\/\/minerail.fr\/wp-content\/uploads\/2024\/08\/le-fouet7-1024x768.jpg 1024w, https:\/\/minerail.fr\/wp-content\/uploads\/2024\/08\/le-fouet7-300x225.jpg 300w, https:\/\/minerail.fr\/wp-content\/uploads\/2024\/08\/le-fouet7-768x576.jpg 768w, https:\/\/minerail.fr\/wp-content\/uploads\/2024\/08\/le-fouet7-1536x1152.jpg 1536w, https:\/\/minerail.fr\/wp-content\/uploads\/2024\/08\/le-fouet7-2048x1536.jpg 2048w\" sizes=\"auto, (max-width: 1024px) 100vw, 1024px\" \/><\/figure>\n\n\n\n<h2 class=\"wp-block-heading\">Initiation au tir sportif<\/h2>\n\n\n\n<p class=\"has-navbar-text-color-hover-color has-text-color has-link-color wp-elements-3f6c3c94bda1aa14545813dac9c97b43\"><br><strong>le samedi 15 juin 2024  MINERAIL vous propose dans nos locaux la d\u00e9couverte de cette activit\u00e9<\/strong><\/p>\n\n\n\n<div class=\"wp-block-columns is-layout-flex wp-container-core-columns-is-layout-9d6595d7 wp-block-columns-is-layout-flex\">\n<div class=\"wp-block-column is-layout-flow wp-block-column-is-layout-flow\">\n<p><strong>de 9H00 \u00e0 12H00 et de 14H00 \u00e0 18H00<\/strong>  <\/p>\n\n\n\n<p class=\"has-accent-color has-text-color has-link-color wp-elements-08660185dcd5ef18aeb7e6fba3e72529\"><strong>Visez , c&#8217;est gagn\u00e9 <\/strong>!<\/p>\n\n\n\n<p class=\"has-accent-color has-text-color has-link-color wp-elements-775f49e4278744601f425abf853bf161\"><strong>D\u00e9roulement de l\u2019activit\u00e9&nbsp;:<br>Chaque tireur recevra 2 cartons<br>&nbsp; 1 pour prise en main et 1 pour la performance<br><br>ENTREE LIBRE !!!<\/strong><\/p>\n<\/div>\n\n\n\n<div class=\"wp-block-column is-layout-flow wp-block-column-is-layout-flow\">\n<figure class=\"wp-block-gallery has-nested-images columns-default is-cropped wp-block-gallery-1 is-layout-flex wp-block-gallery-is-layout-flex\">\n<figure class=\"wp-block-image size-large\"><img loading=\"lazy\" decoding=\"async\" width=\"504\" height=\"496\" data-id=\"1697\" src=\"https:\/\/minerail.fr\/wp-content\/uploads\/2024\/02\/Cible.-removebg-preview-1.png\" alt=\"\" class=\"wp-image-1697\" srcset=\"https:\/\/minerail.fr\/wp-content\/uploads\/2024\/02\/Cible.-removebg-preview-1.png 504w, https:\/\/minerail.fr\/wp-content\/uploads\/2024\/02\/Cible.-removebg-preview-1-300x295.png 300w\" sizes=\"auto, (max-width: 504px) 100vw, 504px\" \/><\/figure>\n<\/figure>\n<\/div>\n<\/div>\n\n\n\n<div class=\"wp-block-columns is-layout-flex wp-container-core-columns-is-layout-9d6595d7 wp-block-columns-is-layout-flex\">\n<div class=\"wp-block-column is-layout-flow wp-block-column-is-layout-flow\" style=\"flex-basis:100%\">\n<p class=\"has-text-color has-link-color wp-elements-d501c8c5c747d64d4155d3020817c3c2\" style=\"color:#160bf3\"> <strong>L\u2019association de tir sportif Amicale de Tir Usselloise  nous aide \u00e0 organiser cette journ\u00e9e uniquement avec leurs armes \u00e0 air comprim\u00e9. Le pas de tir sera conforme aux directives de la FFT. Les tirs seront r\u00e9alis\u00e9s uniquement avec les moyens fournis par l\u2019ATU et sous le contr\u00f4le de plusieurs de leurs cadres. Les armes utilis\u00e9es seront exclusivement \u00e0 air comprim\u00e9 : carabines de pr\u00e9cision !<\/strong><\/p>\n\n\n\n<div class=\"wp-block-columns is-layout-flex wp-container-core-columns-is-layout-9d6595d7 wp-block-columns-is-layout-flex\">\n<div class=\"wp-block-column is-layout-flow wp-block-column-is-layout-flow\">\n<ul class=\"wp-block-list\">\n<li><strong>Acc\u00e8s au pas de tir: Interdit aux non tireur de la s\u00e9rie en cours. <br>Pas de tir:4 tireurs par s\u00e9rie encadr\u00e9s par au moins deux membres de l\u2019\u00e9cole de tir usselloise pour garantir la s\u00e9curit\u00e9<\/strong><\/li>\n\n\n\n<li><strong>seront tir\u00e9es par s\u00e9rie:5 plombs pour adaptation \u00e0 l\u2019arme&nbsp; <br>5 plombs comptabilis\u00e9s<\/strong><\/li>\n\n\n\n<li><strong>Personnes \u00e9ligibles<br>Age minimum:12 ans (\u00e0 partir de cadets)<\/strong><\/li>\n\n\n\n<li>&nbsp; <strong>Si l\u2019affluence le permet, chaque tireur pourra effectuer plusieurs s\u00e9ries.&nbsp; Chaque carton portera au dos le cachet MINERAIL<\/strong><\/li>\n<\/ul>\n<\/div>\n\n\n\n<div class=\"wp-block-column is-layout-flow wp-block-column-is-layout-flow\">\n<figure class=\"wp-block-gallery has-nested-images columns-default is-cropped wp-block-gallery-2 is-layout-flex wp-block-gallery-is-layout-flex\">\n<figure class=\"wp-block-image size-large\"><img loading=\"lazy\" decoding=\"async\" width=\"1024\" height=\"819\" data-id=\"1693\" src=\"https:\/\/minerail.fr\/wp-content\/uploads\/2024\/02\/initiation-au-tir-V4-1-1024x819.jpg\" alt=\"\" class=\"wp-image-1693\" srcset=\"https:\/\/minerail.fr\/wp-content\/uploads\/2024\/02\/initiation-au-tir-V4-1-1024x819.jpg 1024w, https:\/\/minerail.fr\/wp-content\/uploads\/2024\/02\/initiation-au-tir-V4-1-300x240.jpg 300w, https:\/\/minerail.fr\/wp-content\/uploads\/2024\/02\/initiation-au-tir-V4-1-768x614.jpg 768w, https:\/\/minerail.fr\/wp-content\/uploads\/2024\/02\/initiation-au-tir-V4-1-1536x1228.jpg 1536w, https:\/\/minerail.fr\/wp-content\/uploads\/2024\/02\/initiation-au-tir-V4-1.jpg 1577w\" sizes=\"auto, (max-width: 1024px) 100vw, 1024px\" \/><\/figure>\n<\/figure>\n<\/div>\n<\/div>\n<\/div>\n<\/div>\n\n\n\n<h2 class=\"wp-block-heading\">L&#8217;IMAGE DANS LES EXPOSITIONS UNIVERSELLES<\/h2>\n\n\n\n<ul class=\"wp-block-list\">\n<li style=\"font-style:italic;font-weight:800\"><strong>du 10 juillet au 18 ao\u00fbt 2024  <\/strong><\/li>\n\n\n\n<li style=\"font-style:italic;font-weight:800\"><strong>les mercredi, jeudi, vendredi, samedi et dimanche de 14h00 \u00e0 18h00<\/strong><\/li>\n\n\n\n<li style=\"font-style:italic;font-weight:800\"><strong>entr\u00e9e libre<\/strong><\/li>\n<\/ul>\n\n\n\n<p><strong>Une exposition r\u00e9alis\u00e9e par des passionn\u00e9s , \u00e0 ne pas manquer !<\/strong><\/p>\n\n\n\n<p> Un parking gratuit pouvant accueillir un tr\u00e8s grand nombre v\u00e9hicules , de campings car ou m\u00eame de cars    A proximit\u00e9 imm\u00e9diate du passage du tour de France le 10 juillet en tout d\u00e9but d&#8217;apr\u00e8s-midi , un superbe mus\u00e9e de la mine \u00e0 visiter et une exposition en acc\u00e8s libre ! pourquoi h\u00e9siter ?<\/p>\n\n\n\n<div class=\"wp-block-columns is-layout-flex wp-container-core-columns-is-layout-9d6595d7 wp-block-columns-is-layout-flex\">\n<div class=\"wp-block-column is-layout-flow wp-block-column-is-layout-flow\">\n<figure class=\"wp-block-gallery has-nested-images columns-default is-cropped wp-block-gallery-3 is-layout-flex wp-block-gallery-is-layout-flex\">\n<figure class=\"wp-block-image size-large\"><img loading=\"lazy\" decoding=\"async\" width=\"724\" height=\"1024\" data-id=\"1689\" src=\"https:\/\/minerail.fr\/wp-content\/uploads\/2024\/02\/affiche-expo-2024-V2-724x1024.jpg\" alt=\"\" class=\"wp-image-1689\" srcset=\"https:\/\/minerail.fr\/wp-content\/uploads\/2024\/02\/affiche-expo-2024-V2-724x1024.jpg 724w, https:\/\/minerail.fr\/wp-content\/uploads\/2024\/02\/affiche-expo-2024-V2-212x300.jpg 212w, https:\/\/minerail.fr\/wp-content\/uploads\/2024\/02\/affiche-expo-2024-V2-768x1086.jpg 768w, https:\/\/minerail.fr\/wp-content\/uploads\/2024\/02\/affiche-expo-2024-V2-1086x1536.jpg 1086w, https:\/\/minerail.fr\/wp-content\/uploads\/2024\/02\/affiche-expo-2024-V2-1448x2048.jpg 1448w, https:\/\/minerail.fr\/wp-content\/uploads\/2024\/02\/affiche-expo-2024-V2-scaled.jpg 1810w\" sizes=\"auto, (max-width: 724px) 100vw, 724px\" \/><\/figure>\n<\/figure>\n<\/div>\n\n\n\n<div class=\"wp-block-column is-layout-flow wp-block-column-is-layout-flow\">\n<figure class=\"wp-block-gallery has-nested-images columns-default is-cropped wp-block-gallery-4 is-layout-flex wp-block-gallery-is-layout-flex\">\n<figure class=\"wp-block-image size-large\"><img loading=\"lazy\" decoding=\"async\" width=\"768\" height=\"1024\" data-id=\"1688\" src=\"https:\/\/minerail.fr\/wp-content\/uploads\/2024\/02\/affiche_expo_2024--768x1024.png\" alt=\"\" class=\"wp-image-1688\" srcset=\"https:\/\/minerail.fr\/wp-content\/uploads\/2024\/02\/affiche_expo_2024--768x1024.png 768w, https:\/\/minerail.fr\/wp-content\/uploads\/2024\/02\/affiche_expo_2024--225x300.png 225w, https:\/\/minerail.fr\/wp-content\/uploads\/2024\/02\/affiche_expo_2024--1152x1536.png 1152w, https:\/\/minerail.fr\/wp-content\/uploads\/2024\/02\/affiche_expo_2024--1536x2048.png 1536w\" sizes=\"auto, (max-width: 768px) 100vw, 768px\" \/><\/figure>\n<\/figure>\n<\/div>\n<\/div>\n\n\n\n<h2 class=\"wp-block-heading\"><\/h2>\n\n\n\n<figure class=\"wp-block-gallery alignwide has-nested-images columns-default is-cropped wp-block-gallery-5 is-layout-flex wp-block-gallery-is-layout-flex\">\n<figure class=\"wp-block-image size-large\"><img loading=\"lazy\" decoding=\"async\" width=\"768\" height=\"1024\" data-id=\"1750\" src=\"https:\/\/minerail.fr\/wp-content\/uploads\/2024\/06\/Affiche-expo-2024-Messeix-2-1-768x1024.jpg\" alt=\"\" class=\"wp-image-1750\" srcset=\"https:\/\/minerail.fr\/wp-content\/uploads\/2024\/06\/Affiche-expo-2024-Messeix-2-1-768x1024.jpg 768w, https:\/\/minerail.fr\/wp-content\/uploads\/2024\/06\/Affiche-expo-2024-Messeix-2-1-225x300.jpg 225w, https:\/\/minerail.fr\/wp-content\/uploads\/2024\/06\/Affiche-expo-2024-Messeix-2-1.jpg 945w\" sizes=\"auto, (max-width: 768px) 100vw, 768px\" \/><\/figure>\n<\/figure>\n\n\n\n<h2 class=\"wp-block-heading\">le train des mineurs : il roule les jeudis A.M en ao\u00fbt <\/h2>\n\n\n\n<p>(v\u00e9rifiez les dates et horaires)<\/p>\n\n\n\n<figure class=\"wp-block-image size-large\"><img loading=\"lazy\" decoding=\"async\" width=\"724\" height=\"1024\" src=\"https:\/\/minerail.fr\/wp-content\/uploads\/2024\/07\/train-des-mineurs.pdf-et-expo-U-724x1024.jpg\" alt=\"\" class=\"wp-image-1757\" srcset=\"https:\/\/minerail.fr\/wp-content\/uploads\/2024\/07\/train-des-mineurs.pdf-et-expo-U-724x1024.jpg 724w, https:\/\/minerail.fr\/wp-content\/uploads\/2024\/07\/train-des-mineurs.pdf-et-expo-U-212x300.jpg 212w, https:\/\/minerail.fr\/wp-content\/uploads\/2024\/07\/train-des-mineurs.pdf-et-expo-U-768x1086.jpg 768w, https:\/\/minerail.fr\/wp-content\/uploads\/2024\/07\/train-des-mineurs.pdf-et-expo-U-1086x1536.jpg 1086w, https:\/\/minerail.fr\/wp-content\/uploads\/2024\/07\/train-des-mineurs.pdf-et-expo-U.jpg 1240w\" sizes=\"auto, (max-width: 724px) 100vw, 724px\" \/><\/figure>\n\n\n\n<h2 class=\"wp-block-heading\">Et les enqu\u00eates polici\u00e8res &#8230;.<\/h2>\n\n\n\n<p>dont certaines se d\u00e9roulent dans le cadre du mus\u00e9e de la mine<\/p>\n\n\n\n<p><strong>Les brumeux rapports de l&#8217;adjudant Pommier :<\/strong><\/p>\n\n\n\n<p><strong>Disparitions, r\u00e9apparitions, t\u00e9moins muets et investigatrice aux abonn\u00e9s absents. L&#8217;adjudant Pommier, en charge de l&#8217;enqu\u00eate n&#8217;en peut plus, il a d\u00e9finitivement besoin d&#8217;aide pour d\u00e9m\u00e9ler le myst\u00e8re qui s&#8217;est install\u00e9 dans les Combrailles<\/strong>\u2026<\/p>\n\n\n\n<p>Ce jeu entraine les joueurs dans une enqu\u00eate aux allures de puzzle, d\u00e9voilant par petites touches les tenants et les aboutissants d&#8217;une histoire qui pourrait s&#8217;av\u00e9rer plus fantastique qu&#8217;elle n&#8217;y parait.<br>Ce parcours fait la part belle \u00e0 l&#8217;histoire, mettant en sc\u00e8ne des personnages trucculents, des dialogues audiardesques et des situations rocambolesques. Le tout parsem\u00e9 de p\u00e9pites d&#8217;humour plus ou moins noir. L&#8217;interactivit\u00e9 et les choix de destination sont \u00e9galement des points cruciaux de ce parcours. Il n&#8217;est pas impossible qu&#8217;il faille plusieurs essais pour d\u00e9voiler toutes les facettes de l&#8217;histoire\u2026<\/p>\n\n\n\n<p>Ce parcours, bien qu&#8217;ayant des accents de polar noir, s&#8217;adresse \u00e0 un large public, adolescent et adulte.<\/p>\n\n\n\n<figure class=\"wp-block-image size-large is-resized\"><img loading=\"lazy\" decoding=\"async\" width=\"728\" height=\"1024\" src=\"https:\/\/minerail.fr\/wp-content\/uploads\/2024\/07\/afficheCMJN-copie-728x1024.jpg\" alt=\"\" class=\"wp-image-1760\" style=\"width:840px;height:auto\" srcset=\"https:\/\/minerail.fr\/wp-content\/uploads\/2024\/07\/afficheCMJN-copie-728x1024.jpg 728w, https:\/\/minerail.fr\/wp-content\/uploads\/2024\/07\/afficheCMJN-copie-213x300.jpg 213w, https:\/\/minerail.fr\/wp-content\/uploads\/2024\/07\/afficheCMJN-copie-768x1080.jpg 768w, https:\/\/minerail.fr\/wp-content\/uploads\/2024\/07\/afficheCMJN-copie-1092x1536.jpg 1092w, https:\/\/minerail.fr\/wp-content\/uploads\/2024\/07\/afficheCMJN-copie-1457x2048.jpg 1457w, https:\/\/minerail.fr\/wp-content\/uploads\/2024\/07\/afficheCMJN-copie-scaled.jpg 1821w\" sizes=\"auto, (max-width: 728px) 100vw, 728px\" \/><\/figure>\n","protected":false},"excerpt":{"rendered":"<p>JOURNEES DU PATRIMOINE Rendez vous Samedi 21 septembre et dimanche 22 septembre 2024 de 14h00 \u00e0 18h00.En plus des visites guid\u00e9es et de l&#8217;acc\u00e8s gratuit au train des mineurs pour les visiteurs ( sous r\u00e9serve de la m\u00e9t\u00e9o et de la disponibilit\u00e9 de la locomotive ) vous avez acc\u00e8s \u00e0 [&hellip;]<\/p>\n","protected":false},"author":1,"featured_media":0,"parent":0,"menu_order":0,"comment_status":"closed","ping_status":"closed","template":"page-templates\/template-pagebuilder-full-width.php","meta":{"_themeisle_gutenberg_block_has_review":false,"footnotes":""},"class_list":["post-1681","page","type-page","status-publish","hentry"],"yoast_head":"<!-- This site is optimized with the Yoast SEO plugin v26.9 - https:\/\/yoast.com\/product\/yoast-seo-wordpress\/ -->\n<title>Animations 2024 - MINERAIL<\/title>\n<meta name=\"robots\" content=\"index, follow, max-snippet:-1, max-image-preview:large, max-video-preview:-1\" \/>\n<link rel=\"canonical\" href=\"https:\/\/minerail.fr\/index.php\/animations-2024\/\" \/>\n<meta property=\"og:locale\" content=\"fr_FR\" \/>\n<meta property=\"og:type\" content=\"article\" \/>\n<meta property=\"og:title\" content=\"Animations 2024 - MINERAIL\" \/>\n<meta property=\"og:description\" content=\"JOURNEES DU PATRIMOINE Rendez vous Samedi 21 septembre et dimanche 22 septembre 2024 de 14h00 \u00e0 18h00.En plus des visites guid\u00e9es et de l&#8217;acc\u00e8s gratuit au train des mineurs pour les visiteurs ( sous r\u00e9serve de la m\u00e9t\u00e9o et de la disponibilit\u00e9 de la locomotive ) vous avez acc\u00e8s \u00e0 [&hellip;]\" \/>\n<meta property=\"og:url\" content=\"https:\/\/minerail.fr\/index.php\/animations-2024\/\" \/>\n<meta property=\"og:site_name\" content=\"MINERAIL\" \/>\n<meta property=\"article:publisher\" content=\"https:\/\/www.facebook.com\/minerail\" \/>\n<meta property=\"article:modified_time\" content=\"2024-09-04T17:36:38+00:00\" \/>\n<meta property=\"og:image\" content=\"https:\/\/minerail.fr\/wp-content\/uploads\/2024\/08\/Affiche-expo-2024-Messeix-Prolongation-768x1024.jpg\" \/>\n<meta name=\"twitter:card\" content=\"summary_large_image\" \/>\n<meta name=\"twitter:label1\" content=\"Dur\u00e9e de lecture estim\u00e9e\" \/>\n\t<meta name=\"twitter:data1\" content=\"5 minutes\" \/>\n<script type=\"application\/ld+json\" class=\"yoast-schema-graph\">{\"@context\":\"https:\/\/schema.org\",\"@graph\":[{\"@type\":\"WebPage\",\"@id\":\"https:\/\/minerail.fr\/index.php\/animations-2024\/\",\"url\":\"https:\/\/minerail.fr\/index.php\/animations-2024\/\",\"name\":\"Animations 2024 - MINERAIL\",\"isPartOf\":{\"@id\":\"https:\/\/minerail.fr\/#website\"},\"primaryImageOfPage\":{\"@id\":\"https:\/\/minerail.fr\/index.php\/animations-2024\/#primaryimage\"},\"image\":{\"@id\":\"https:\/\/minerail.fr\/index.php\/animations-2024\/#primaryimage\"},\"thumbnailUrl\":\"https:\/\/minerail.fr\/wp-content\/uploads\/2024\/08\/Affiche-expo-2024-Messeix-Prolongation-768x1024.jpg\",\"datePublished\":\"2024-02-12T18:15:09+00:00\",\"dateModified\":\"2024-09-04T17:36:38+00:00\",\"breadcrumb\":{\"@id\":\"https:\/\/minerail.fr\/index.php\/animations-2024\/#breadcrumb\"},\"inLanguage\":\"fr-FR\",\"potentialAction\":[{\"@type\":\"ReadAction\",\"target\":[\"https:\/\/minerail.fr\/index.php\/animations-2024\/\"]}]},{\"@type\":\"ImageObject\",\"inLanguage\":\"fr-FR\",\"@id\":\"https:\/\/minerail.fr\/index.php\/animations-2024\/#primaryimage\",\"url\":\"https:\/\/minerail.fr\/wp-content\/uploads\/2024\/08\/Affiche-expo-2024-Messeix-Prolongation-scaled.jpg\",\"contentUrl\":\"https:\/\/minerail.fr\/wp-content\/uploads\/2024\/08\/Affiche-expo-2024-Messeix-Prolongation-scaled.jpg\",\"width\":1920,\"height\":2560},{\"@type\":\"BreadcrumbList\",\"@id\":\"https:\/\/minerail.fr\/index.php\/animations-2024\/#breadcrumb\",\"itemListElement\":[{\"@type\":\"ListItem\",\"position\":1,\"name\":\"Accueil\",\"item\":\"https:\/\/minerail.fr\/\"},{\"@type\":\"ListItem\",\"position\":2,\"name\":\"Animations 2024\"}]},{\"@type\":\"WebSite\",\"@id\":\"https:\/\/minerail.fr\/#website\",\"url\":\"https:\/\/minerail.fr\/\",\"name\":\"MINERAIL\",\"description\":\"150 ans d&#039;exploitation mini\u00e8re \u00e0 Messeix\",\"publisher\":{\"@id\":\"https:\/\/minerail.fr\/#organization\"},\"potentialAction\":[{\"@type\":\"SearchAction\",\"target\":{\"@type\":\"EntryPoint\",\"urlTemplate\":\"https:\/\/minerail.fr\/?s={search_term_string}\"},\"query-input\":{\"@type\":\"PropertyValueSpecification\",\"valueRequired\":true,\"valueName\":\"search_term_string\"}}],\"inLanguage\":\"fr-FR\"},{\"@type\":\"Organization\",\"@id\":\"https:\/\/minerail.fr\/#organization\",\"name\":\"MINERAIL\",\"url\":\"https:\/\/minerail.fr\/\",\"logo\":{\"@type\":\"ImageObject\",\"inLanguage\":\"fr-FR\",\"@id\":\"https:\/\/minerail.fr\/#\/schema\/logo\/image\/\",\"url\":\"https:\/\/minerail.fr\/wp-content\/uploads\/2020\/10\/cropped-Minerail_Logo-1.png\",\"contentUrl\":\"https:\/\/minerail.fr\/wp-content\/uploads\/2020\/10\/cropped-Minerail_Logo-1.png\",\"width\":232,\"height\":100,\"caption\":\"MINERAIL\"},\"image\":{\"@id\":\"https:\/\/minerail.fr\/#\/schema\/logo\/image\/\"},\"sameAs\":[\"https:\/\/www.facebook.com\/minerail\",\"https:\/\/www.instagram.com\/explore\/locations\/967279510046135\/minerail-musee-de-la-mine-de-messeix\/\"]}]}<\/script>\n<!-- \/ Yoast SEO plugin. -->","yoast_head_json":{"title":"Animations 2024 - MINERAIL","robots":{"index":"index","follow":"follow","max-snippet":"max-snippet:-1","max-image-preview":"max-image-preview:large","max-video-preview":"max-video-preview:-1"},"canonical":"https:\/\/minerail.fr\/index.php\/animations-2024\/","og_locale":"fr_FR","og_type":"article","og_title":"Animations 2024 - MINERAIL","og_description":"JOURNEES DU PATRIMOINE Rendez vous Samedi 21 septembre et dimanche 22 septembre 2024 de 14h00 \u00e0 18h00.En plus des visites guid\u00e9es et de l&#8217;acc\u00e8s gratuit au train des mineurs pour les visiteurs ( sous r\u00e9serve de la m\u00e9t\u00e9o et de la disponibilit\u00e9 de la locomotive ) vous avez acc\u00e8s \u00e0 [&hellip;]","og_url":"https:\/\/minerail.fr\/index.php\/animations-2024\/","og_site_name":"MINERAIL","article_publisher":"https:\/\/www.facebook.com\/minerail","article_modified_time":"2024-09-04T17:36:38+00:00","og_image":[{"url":"https:\/\/minerail.fr\/wp-content\/uploads\/2024\/08\/Affiche-expo-2024-Messeix-Prolongation-768x1024.jpg","type":"","width":"","height":""}],"twitter_card":"summary_large_image","twitter_misc":{"Dur\u00e9e de lecture estim\u00e9e":"5 minutes"},"schema":{"@context":"https:\/\/schema.org","@graph":[{"@type":"WebPage","@id":"https:\/\/minerail.fr\/index.php\/animations-2024\/","url":"https:\/\/minerail.fr\/index.php\/animations-2024\/","name":"Animations 2024 - MINERAIL","isPartOf":{"@id":"https:\/\/minerail.fr\/#website"},"primaryImageOfPage":{"@id":"https:\/\/minerail.fr\/index.php\/animations-2024\/#primaryimage"},"image":{"@id":"https:\/\/minerail.fr\/index.php\/animations-2024\/#primaryimage"},"thumbnailUrl":"https:\/\/minerail.fr\/wp-content\/uploads\/2024\/08\/Affiche-expo-2024-Messeix-Prolongation-768x1024.jpg","datePublished":"2024-02-12T18:15:09+00:00","dateModified":"2024-09-04T17:36:38+00:00","breadcrumb":{"@id":"https:\/\/minerail.fr\/index.php\/animations-2024\/#breadcrumb"},"inLanguage":"fr-FR","potentialAction":[{"@type":"ReadAction","target":["https:\/\/minerail.fr\/index.php\/animations-2024\/"]}]},{"@type":"ImageObject","inLanguage":"fr-FR","@id":"https:\/\/minerail.fr\/index.php\/animations-2024\/#primaryimage","url":"https:\/\/minerail.fr\/wp-content\/uploads\/2024\/08\/Affiche-expo-2024-Messeix-Prolongation-scaled.jpg","contentUrl":"https:\/\/minerail.fr\/wp-content\/uploads\/2024\/08\/Affiche-expo-2024-Messeix-Prolongation-scaled.jpg","width":1920,"height":2560},{"@type":"BreadcrumbList","@id":"https:\/\/minerail.fr\/index.php\/animations-2024\/#breadcrumb","itemListElement":[{"@type":"ListItem","position":1,"name":"Accueil","item":"https:\/\/minerail.fr\/"},{"@type":"ListItem","position":2,"name":"Animations 2024"}]},{"@type":"WebSite","@id":"https:\/\/minerail.fr\/#website","url":"https:\/\/minerail.fr\/","name":"MINERAIL","description":"150 ans d&#039;exploitation mini\u00e8re \u00e0 Messeix","publisher":{"@id":"https:\/\/minerail.fr\/#organization"},"potentialAction":[{"@type":"SearchAction","target":{"@type":"EntryPoint","urlTemplate":"https:\/\/minerail.fr\/?s={search_term_string}"},"query-input":{"@type":"PropertyValueSpecification","valueRequired":true,"valueName":"search_term_string"}}],"inLanguage":"fr-FR"},{"@type":"Organization","@id":"https:\/\/minerail.fr\/#organization","name":"MINERAIL","url":"https:\/\/minerail.fr\/","logo":{"@type":"ImageObject","inLanguage":"fr-FR","@id":"https:\/\/minerail.fr\/#\/schema\/logo\/image\/","url":"https:\/\/minerail.fr\/wp-content\/uploads\/2020\/10\/cropped-Minerail_Logo-1.png","contentUrl":"https:\/\/minerail.fr\/wp-content\/uploads\/2020\/10\/cropped-Minerail_Logo-1.png","width":232,"height":100,"caption":"MINERAIL"},"image":{"@id":"https:\/\/minerail.fr\/#\/schema\/logo\/image\/"},"sameAs":["https:\/\/www.facebook.com\/minerail","https:\/\/www.instagram.com\/explore\/locations\/967279510046135\/minerail-musee-de-la-mine-de-messeix\/"]}]}},"_links":{"self":[{"href":"https:\/\/minerail.fr\/index.php\/wp-json\/wp\/v2\/pages\/1681","targetHints":{"allow":["GET"]}}],"collection":[{"href":"https:\/\/minerail.fr\/index.php\/wp-json\/wp\/v2\/pages"}],"about":[{"href":"https:\/\/minerail.fr\/index.php\/wp-json\/wp\/v2\/types\/page"}],"author":[{"embeddable":true,"href":"https:\/\/minerail.fr\/index.php\/wp-json\/wp\/v2\/users\/1"}],"replies":[{"embeddable":true,"href":"https:\/\/minerail.fr\/index.php\/wp-json\/wp\/v2\/comments?post=1681"}],"version-history":[{"count":29,"href":"https:\/\/minerail.fr\/index.php\/wp-json\/wp\/v2\/pages\/1681\/revisions"}],"predecessor-version":[{"id":1772,"href":"https:\/\/minerail.fr\/index.php\/wp-json\/wp\/v2\/pages\/1681\/revisions\/1772"}],"wp:attachment":[{"href":"https:\/\/minerail.fr\/index.php\/wp-json\/wp\/v2\/media?parent=1681"}],"curies":[{"name":"wp","href":"https:\/\/api.w.org\/{rel}","templated":true}]}}