{"id":219,"date":"2020-11-02T22:00:35","date_gmt":"2020-11-02T22:00:35","guid":{"rendered":"http:\/\/daniel.learnwordpress.fr\/calendar"},"modified":"2025-12-06T14:14:49","modified_gmt":"2025-12-06T13:14:49","slug":"ouverture-du-musee-de-la-mine","status":"publish","type":"page","link":"https:\/\/minerail.fr\/index.php\/ouverture-du-musee-de-la-mine\/","title":{"rendered":"Calendrier"},"content":{"rendered":"\n<p class=\"has-medium-font-size\"><strong>P\u00e9riode d&#8217;ouverture:<\/strong><\/p>\n\n\n\n<p><\/p>\n\n\n\n<p><strong> les guides du mus\u00e9e de la mine de Messeix accueillent les visiteurs , les apr\u00e8s-midi, du 1er avril au 30 septembre<\/strong>&nbsp;<strong>et sur la plage horaire de&nbsp;14H00 \u00e0 18H00<\/strong>.             <mark style=\"background-color:#a81d84;color:#ede315\" class=\"has-inline-color\">Fermeture hebdomadaire le mardi (*)<\/mark><\/p>\n\n\n\n<p class=\"has-header-gradient-color has-text-color\"><\/p>\n\n\n\n<p>(*) Pour les groupes il est n\u00e9cessaire de r\u00e9server, possibilit\u00e9 de visite&nbsp;<strong>tous les jours<\/strong>,<strong> matin et apr\u00e8s-midi, <\/strong>pendant la p\u00e9riode d&#8217;ouverture<\/p>\n\n\n\n<p class=\"has-accent-color has-text-color has-medium-font-size\"><strong><em><span class=\"has-inline-color has-accent-color\">Nous vous proposons de d\u00e9couvrir l&#8217;univers particulier de cette mine d&#8217;anthracite de mani\u00e8re ludique , et de participer aux journ\u00e9es d&#8217;animations que les b\u00e9n\u00e9voles organisent \u00e0 votre attention<\/span><\/em><\/strong><\/p>\n\n\n\n<p class=\"has-body-color-color has-text-color has-medium-font-size\">v\u00e9rifiez sur le calendrier les p\u00e9riodes d&#8217;ouverture et les animations propos\u00e9es en faisant d\u00e9filer mois par mois. Vous <em>aurez plus de d\u00e9tails en utilisant l&#8217;onglet semaine<\/em><\/p>\n\n\n\n<iframe loading=\"lazy\" src=\"https:\/\/calendar.google.com\/calendar\/embed?src=msh0q88ml0ncn21red4hj2gqpo%40group.calendar.google.com&#038;ctz=Europe%2FParis\" style=\"border: 0\" width=\"800\" height=\"600\" frameborder=\"0\" scrolling=\"no\"><\/iframe>\n\n\n\n<hr class=\"wp-block-separator has-css-opacity\"\/>\n\n\n\n<div id=\"wp-block-themeisle-blocks-slider-7f31d196\" class=\"wp-block-themeisle-blocks-slider glide\" data-per-view=\"1\" data-gap=\"0\" data-peek=\"0\" data-autoplay=\"3000\" data-height=\"570px\" data-hide-arrows=\"false\"><div class=\"glide__track\" data-glide-el=\"track\"><div class=\"glide__slides\"><div class=\"wp-block-themeisle-blocks-slider-item-wrapper glide__slide\" tabindex=\"0\"><figure><img decoding=\"async\" class=\"wp-block-themeisle-blocks-slider-item\" src=\"https:\/\/minerail.fr\/wp-content\/uploads\/2020\/11\/IMG_20151005_141108-1400x600-1.jpg\" alt=\"mus\u00e9e de la mine de messeix-Puy de d\u00f4me-Minerail-patrimoine industriel- -train des mineurs Locomotive DEUTCH\" title=\"mus\u00e9e de la mine de messeix-Puy de d\u00f4me-Minerail-patrimoine industriel- -train des mineurs Locomotive DEUTCH\" data-id=\"310\"\/><figcaption>le train des mineurs et un groupe d&#8217;enfants<\/figcaption><\/figure><\/div><div class=\"wp-block-themeisle-blocks-slider-item-wrapper glide__slide\" tabindex=\"0\"><figure><img decoding=\"async\" class=\"wp-block-themeisle-blocks-slider-item\" src=\"https:\/\/minerail.fr\/wp-content\/uploads\/2020\/11\/DSCN2562-scaled-1.jpg\" alt=\"visite \u00e0 moto\" title=\"visite \u00e0 moto\" data-id=\"304\"\/><figcaption>exposition de belles m\u00e9caniques<\/figcaption><\/figure><\/div><div class=\"wp-block-themeisle-blocks-slider-item-wrapper glide__slide\" tabindex=\"0\"><figure><img decoding=\"async\" class=\"wp-block-themeisle-blocks-slider-item\" src=\"https:\/\/minerail.fr\/wp-content\/uploads\/2020\/11\/IMG_20170824_150308.jpg\" alt=\"le train des mineurs de messeix\" title=\"le train des mineurs de messeix\" data-id=\"300\"\/><figcaption>un moment de bonheur pour nos voyageurs d&#8217;un jour<\/figcaption><\/figure><\/div><div class=\"wp-block-themeisle-blocks-slider-item-wrapper glide__slide\" tabindex=\"0\"><figure><img decoding=\"async\" class=\"wp-block-themeisle-blocks-slider-item\" src=\"https:\/\/minerail.fr\/wp-content\/uploads\/2020\/11\/100-racines-scaled-1.jpg\" alt=\"escalade\" title=\"escalade\" data-id=\"305\"\/><figcaption>que de talent et de gr\u00e2ce<\/figcaption><\/figure><\/div><div class=\"wp-block-themeisle-blocks-slider-item-wrapper glide__slide\" tabindex=\"0\"><figure><img decoding=\"async\" class=\"wp-block-themeisle-blocks-slider-item\" src=\"https:\/\/minerail.fr\/wp-content\/uploads\/2020\/11\/exposition-mineurs.jpg\" alt=\"galerie de mine\" title=\"galerie de mine\" data-id=\"306\"\/><figcaption>nos amis de saint eloy participent \u00e0 la f\u00eate du mus\u00e9e de messeix<\/figcaption><\/figure><\/div><div class=\"wp-block-themeisle-blocks-slider-item-wrapper glide__slide\" tabindex=\"0\"><figure><img decoding=\"async\" class=\"wp-block-themeisle-blocks-slider-item\" src=\"https:\/\/minerail.fr\/wp-content\/uploads\/2020\/11\/IMG_20150919_160917-1400x600-1.jpg\" alt=\"mus\u00e9e de la mine de messeix-Puy de d\u00f4me-Minerail-patrimoine industriel-train des mineurs- Locomotive entrainant le train des mineurs-groupe adulte\" title=\"mus\u00e9e de la mine de messeix-Puy de d\u00f4me-Minerail-patrimoine industriel-train des mineurs- Locomotive entrainant le train des mineurs-groupe adulte\" data-id=\"308\"\/><figcaption>train-des mineurs-embarquement imminent<\/figcaption><\/figure><\/div><div class=\"wp-block-themeisle-blocks-slider-item-wrapper glide__slide\" tabindex=\"0\"><figure><img decoding=\"async\" class=\"wp-block-themeisle-blocks-slider-item\" src=\"https:\/\/minerail.fr\/wp-content\/uploads\/2020\/11\/Hypponautes-scaled-1.jpg\" alt=\"qui domine l'autre ?\" title=\"qui domine l'autre ?\" data-id=\"307\"\/><figcaption>animation<\/figcaption><\/figure><\/div><div class=\"wp-block-themeisle-blocks-slider-item-wrapper glide__slide\" tabindex=\"0\"><figure><img decoding=\"async\" class=\"wp-block-themeisle-blocks-slider-item\" src=\"https:\/\/minerail.fr\/wp-content\/uploads\/2020\/11\/IMG_20171020_155302.jpg\" alt=\"mine de Messeix- Puits Saint-Louis\" title=\"mine de Messeix- Puits Saint-Louis\" data-id=\"295\"\/><figcaption>davant le banc de charge en bonne compagnie<\/figcaption><\/figure><\/div><div class=\"wp-block-themeisle-blocks-slider-item-wrapper glide__slide\" tabindex=\"0\"><figure><img decoding=\"async\" class=\"wp-block-themeisle-blocks-slider-item\" src=\"https:\/\/minerail.fr\/wp-content\/uploads\/2021\/02\/image.jpeg\" alt=\"\" title=\"\" data-id=\"1218\"\/><\/figure><\/div><div class=\"wp-block-themeisle-blocks-slider-item-wrapper glide__slide\" tabindex=\"0\"><figure><img decoding=\"async\" class=\"wp-block-themeisle-blocks-slider-item\" src=\"https:\/\/minerail.fr\/wp-content\/uploads\/2021\/02\/IMG_20151005_105559-1400x600-1.jpg\" alt=\"mine de Messeix-le train\" title=\"mine de Messeix-le train\" data-id=\"1220\"\/><figcaption>les \u00e9coliers se r\u00e9galent , un moment de d\u00e9tente pendant la visite guid\u00e9e<\/figcaption><\/figure><\/div><\/div><div class=\"glide__bullets\" data-glide-el=\"controls[nav]\"><button class=\"glide__bullet\" data-glide-dir=\"=0\"><\/button><button class=\"glide__bullet\" data-glide-dir=\"=1\"><\/button><button class=\"glide__bullet\" data-glide-dir=\"=2\"><\/button><button class=\"glide__bullet\" data-glide-dir=\"=3\"><\/button><button class=\"glide__bullet\" data-glide-dir=\"=4\"><\/button><button class=\"glide__bullet\" data-glide-dir=\"=5\"><\/button><button class=\"glide__bullet\" data-glide-dir=\"=6\"><\/button><button class=\"glide__bullet\" data-glide-dir=\"=7\"><\/button><button class=\"glide__bullet\" data-glide-dir=\"=8\"><\/button><button class=\"glide__bullet\" data-glide-dir=\"=9\"><\/button><\/div><\/div><\/div>\n\n\n\n<hr class=\"wp-block-separator has-css-opacity\"\/>\n\n\n\n<div class=\"wp-block-media-text alignwide is-vertically-aligned-center is-image-fill-element has-accent-color has-text-color\" style=\"grid-template-columns:59% auto\"><figure class=\"wp-block-media-text__media\"><img loading=\"lazy\" decoding=\"async\" width=\"2048\" height=\"1536\" src=\"https:\/\/minerail.fr\/wp-content\/uploads\/2020\/11\/IMG_20171020_155302.jpg\" alt=\"mine de Messeix- Puits Saint-Louis\" class=\"wp-image-295 size-full\" style=\"object-position:45% 34%\" srcset=\"https:\/\/minerail.fr\/wp-content\/uploads\/2020\/11\/IMG_20171020_155302.jpg 2048w, https:\/\/minerail.fr\/wp-content\/uploads\/2020\/11\/IMG_20171020_155302-300x225.jpg 300w, https:\/\/minerail.fr\/wp-content\/uploads\/2020\/11\/IMG_20171020_155302-1024x768.jpg 1024w, https:\/\/minerail.fr\/wp-content\/uploads\/2020\/11\/IMG_20171020_155302-768x576.jpg 768w, https:\/\/minerail.fr\/wp-content\/uploads\/2020\/11\/IMG_20171020_155302-1536x1152.jpg 1536w\" sizes=\"auto, (max-width: 2048px) 100vw, 2048px\" \/><\/figure><div class=\"wp-block-media-text__content\">\n<p class=\"has-medium-font-size\"><strong>Pour les grands et les moins grands, en visite individuelle ou en groupe<\/strong>,<\/p>\n\n\n\n<p class=\"has-body-color-color has-text-color\"><em><span class=\"has-inline-color has-accent-color\"><strong>vous d\u00e9couvrirez l&#8217;univers de la mine de Messeix d&#8217;une mani\u00e8re ludique et p\u00e9dagogique<\/strong><\/span><\/em><\/p>\n\n\n\n<p><\/p>\n\n\n\n<p><\/p>\n\n\n\n<p><\/p>\n\n\n\n<p><\/p>\n<\/div><\/div>\n\n\n\n<div class=\"wp-block-media-text alignwide is-stacked-on-mobile is-vertically-aligned-center\" style=\"grid-template-columns:58% auto\"><figure class=\"wp-block-media-text__media\"><video controls src=\"https:\/\/minerail.fr\/wp-content\/uploads\/2020\/11\/DSCN2568_1.mp4\"><\/video><\/figure><div class=\"wp-block-media-text__content\">\n<p class=\"has-accent-color has-text-color has-medium-font-size\"><strong>un moment d&#8217;\u00e9motion pour ce groupe d&#8217;\u00e9coliers<\/strong><\/p>\n\n\n\n<p><em><strong> visionnez la vid\u00e9o du train des mineurs, <\/strong><\/em><br>  <em><strong>aujourd&#8217;hui il circule \u00e0 la surface <\/strong><\/em>(au jour) et non au fond de la mine<\/p>\n<\/div><\/div>\n\n\n\n<p><\/p>\n","protected":false},"excerpt":{"rendered":"<p>P\u00e9riode d&#8217;ouverture: les guides du mus\u00e9e de la mine de Messeix accueillent les visiteurs , les apr\u00e8s-midi, du 1er avril au 30 septembre&nbsp;et sur la plage horaire de&nbsp;14H00 \u00e0 18H00. Fermeture hebdomadaire le mardi (*) (*) Pour les groupes il est n\u00e9cessaire de r\u00e9server, possibilit\u00e9 de visite&nbsp;tous les jours, matin [&hellip;]<\/p>\n","protected":false},"author":2,"featured_media":310,"parent":0,"menu_order":0,"comment_status":"closed","ping_status":"closed","template":"","meta":{"_themeisle_gutenberg_block_has_review":false,"footnotes":""},"class_list":["post-219","page","type-page","status-publish","has-post-thumbnail","hentry"],"yoast_head":"<!-- This site is optimized with the Yoast SEO plugin v26.9 - https:\/\/yoast.com\/product\/yoast-seo-wordpress\/ -->\n<title>Calendrier MINERAIL horaires d&#039;ouverture mus\u00e9e de la mine<\/title>\n<meta name=\"description\" content=\"D\u00e9couvrez l&#039;univers particulier de la mine de Messeix de mani\u00e8re ludique et participez aux journ\u00e9es d&#039;animations de MINERAIL .R\u00e9servation\" \/>\n<meta name=\"robots\" content=\"index, follow, max-snippet:-1, max-image-preview:large, max-video-preview:-1\" \/>\n<link rel=\"canonical\" href=\"https:\/\/minerail.fr\/index.php\/ouverture-du-musee-de-la-mine\/\" \/>\n<meta property=\"og:locale\" content=\"fr_FR\" \/>\n<meta property=\"og:type\" content=\"article\" \/>\n<meta property=\"og:title\" content=\"Calendrier MINERAIL horaires d&#039;ouverture mus\u00e9e de la mine\" \/>\n<meta property=\"og:description\" content=\"D\u00e9couvrez l&#039;univers particulier de la mine de Messeix de mani\u00e8re ludique et participez aux journ\u00e9es d&#039;animations de MINERAIL .R\u00e9servation\" \/>\n<meta property=\"og:url\" content=\"https:\/\/minerail.fr\/index.php\/ouverture-du-musee-de-la-mine\/\" \/>\n<meta property=\"og:site_name\" content=\"MINERAIL\" \/>\n<meta property=\"article:publisher\" content=\"https:\/\/www.facebook.com\/minerail\" \/>\n<meta property=\"article:modified_time\" content=\"2025-12-06T13:14:49+00:00\" \/>\n<meta property=\"og:image\" content=\"https:\/\/minerail.fr\/wp-content\/uploads\/2020\/11\/IMG_20151005_141108-1400x600-1.jpg\" \/>\n\t<meta property=\"og:image:width\" content=\"1400\" \/>\n\t<meta property=\"og:image:height\" content=\"600\" \/>\n\t<meta property=\"og:image:type\" content=\"image\/jpeg\" \/>\n<meta name=\"twitter:card\" content=\"summary_large_image\" \/>\n<meta name=\"twitter:label1\" content=\"Dur\u00e9e de lecture estim\u00e9e\" \/>\n\t<meta name=\"twitter:data1\" content=\"4 minutes\" \/>\n<script type=\"application\/ld+json\" class=\"yoast-schema-graph\">{\"@context\":\"https:\/\/schema.org\",\"@graph\":[{\"@type\":\"WebPage\",\"@id\":\"https:\/\/minerail.fr\/index.php\/ouverture-du-musee-de-la-mine\/\",\"url\":\"https:\/\/minerail.fr\/index.php\/ouverture-du-musee-de-la-mine\/\",\"name\":\"Calendrier MINERAIL horaires d'ouverture mus\u00e9e de la mine\",\"isPartOf\":{\"@id\":\"https:\/\/minerail.fr\/#website\"},\"primaryImageOfPage\":{\"@id\":\"https:\/\/minerail.fr\/index.php\/ouverture-du-musee-de-la-mine\/#primaryimage\"},\"image\":{\"@id\":\"https:\/\/minerail.fr\/index.php\/ouverture-du-musee-de-la-mine\/#primaryimage\"},\"thumbnailUrl\":\"https:\/\/minerail.fr\/wp-content\/uploads\/2020\/11\/IMG_20151005_141108-1400x600-1.jpg\",\"datePublished\":\"2020-11-02T22:00:35+00:00\",\"dateModified\":\"2025-12-06T13:14:49+00:00\",\"description\":\"D\u00e9couvrez l'univers particulier de la mine de Messeix de mani\u00e8re ludique et participez aux journ\u00e9es d'animations de MINERAIL .R\u00e9servation\",\"breadcrumb\":{\"@id\":\"https:\/\/minerail.fr\/index.php\/ouverture-du-musee-de-la-mine\/#breadcrumb\"},\"inLanguage\":\"fr-FR\",\"potentialAction\":[{\"@type\":\"ReadAction\",\"target\":[\"https:\/\/minerail.fr\/index.php\/ouverture-du-musee-de-la-mine\/\"]}]},{\"@type\":\"ImageObject\",\"inLanguage\":\"fr-FR\",\"@id\":\"https:\/\/minerail.fr\/index.php\/ouverture-du-musee-de-la-mine\/#primaryimage\",\"url\":\"https:\/\/minerail.fr\/wp-content\/uploads\/2020\/11\/IMG_20151005_141108-1400x600-1.jpg\",\"contentUrl\":\"https:\/\/minerail.fr\/wp-content\/uploads\/2020\/11\/IMG_20151005_141108-1400x600-1.jpg\",\"width\":1400,\"height\":600,\"caption\":\"le train des mineurs et un groupe d'enfants\"},{\"@type\":\"BreadcrumbList\",\"@id\":\"https:\/\/minerail.fr\/index.php\/ouverture-du-musee-de-la-mine\/#breadcrumb\",\"itemListElement\":[{\"@type\":\"ListItem\",\"position\":1,\"name\":\"Accueil\",\"item\":\"https:\/\/minerail.fr\/\"},{\"@type\":\"ListItem\",\"position\":2,\"name\":\"Calendrier\"}]},{\"@type\":\"WebSite\",\"@id\":\"https:\/\/minerail.fr\/#website\",\"url\":\"https:\/\/minerail.fr\/\",\"name\":\"MINERAIL\",\"description\":\"150 ans d&#039;exploitation mini\u00e8re \u00e0 Messeix\",\"publisher\":{\"@id\":\"https:\/\/minerail.fr\/#organization\"},\"potentialAction\":[{\"@type\":\"SearchAction\",\"target\":{\"@type\":\"EntryPoint\",\"urlTemplate\":\"https:\/\/minerail.fr\/?s={search_term_string}\"},\"query-input\":{\"@type\":\"PropertyValueSpecification\",\"valueRequired\":true,\"valueName\":\"search_term_string\"}}],\"inLanguage\":\"fr-FR\"},{\"@type\":\"Organization\",\"@id\":\"https:\/\/minerail.fr\/#organization\",\"name\":\"MINERAIL\",\"url\":\"https:\/\/minerail.fr\/\",\"logo\":{\"@type\":\"ImageObject\",\"inLanguage\":\"fr-FR\",\"@id\":\"https:\/\/minerail.fr\/#\/schema\/logo\/image\/\",\"url\":\"https:\/\/minerail.fr\/wp-content\/uploads\/2020\/10\/cropped-Minerail_Logo-1.png\",\"contentUrl\":\"https:\/\/minerail.fr\/wp-content\/uploads\/2020\/10\/cropped-Minerail_Logo-1.png\",\"width\":232,\"height\":100,\"caption\":\"MINERAIL\"},\"image\":{\"@id\":\"https:\/\/minerail.fr\/#\/schema\/logo\/image\/\"},\"sameAs\":[\"https:\/\/www.facebook.com\/minerail\",\"https:\/\/www.instagram.com\/explore\/locations\/967279510046135\/minerail-musee-de-la-mine-de-messeix\/\"]}]}<\/script>\n<!-- \/ Yoast SEO plugin. -->","yoast_head_json":{"title":"Calendrier MINERAIL horaires d'ouverture mus\u00e9e de la mine","description":"D\u00e9couvrez l'univers particulier de la mine de Messeix de mani\u00e8re ludique et participez aux journ\u00e9es d'animations de MINERAIL .R\u00e9servation","robots":{"index":"index","follow":"follow","max-snippet":"max-snippet:-1","max-image-preview":"max-image-preview:large","max-video-preview":"max-video-preview:-1"},"canonical":"https:\/\/minerail.fr\/index.php\/ouverture-du-musee-de-la-mine\/","og_locale":"fr_FR","og_type":"article","og_title":"Calendrier MINERAIL horaires d'ouverture mus\u00e9e de la mine","og_description":"D\u00e9couvrez l'univers particulier de la mine de Messeix de mani\u00e8re ludique et participez aux journ\u00e9es d'animations de MINERAIL .R\u00e9servation","og_url":"https:\/\/minerail.fr\/index.php\/ouverture-du-musee-de-la-mine\/","og_site_name":"MINERAIL","article_publisher":"https:\/\/www.facebook.com\/minerail","article_modified_time":"2025-12-06T13:14:49+00:00","og_image":[{"width":1400,"height":600,"url":"https:\/\/minerail.fr\/wp-content\/uploads\/2020\/11\/IMG_20151005_141108-1400x600-1.jpg","type":"image\/jpeg"}],"twitter_card":"summary_large_image","twitter_misc":{"Dur\u00e9e de lecture estim\u00e9e":"4 minutes"},"schema":{"@context":"https:\/\/schema.org","@graph":[{"@type":"WebPage","@id":"https:\/\/minerail.fr\/index.php\/ouverture-du-musee-de-la-mine\/","url":"https:\/\/minerail.fr\/index.php\/ouverture-du-musee-de-la-mine\/","name":"Calendrier MINERAIL horaires d'ouverture mus\u00e9e de la mine","isPartOf":{"@id":"https:\/\/minerail.fr\/#website"},"primaryImageOfPage":{"@id":"https:\/\/minerail.fr\/index.php\/ouverture-du-musee-de-la-mine\/#primaryimage"},"image":{"@id":"https:\/\/minerail.fr\/index.php\/ouverture-du-musee-de-la-mine\/#primaryimage"},"thumbnailUrl":"https:\/\/minerail.fr\/wp-content\/uploads\/2020\/11\/IMG_20151005_141108-1400x600-1.jpg","datePublished":"2020-11-02T22:00:35+00:00","dateModified":"2025-12-06T13:14:49+00:00","description":"D\u00e9couvrez l'univers particulier de la mine de Messeix de mani\u00e8re ludique et participez aux journ\u00e9es d'animations de MINERAIL .R\u00e9servation","breadcrumb":{"@id":"https:\/\/minerail.fr\/index.php\/ouverture-du-musee-de-la-mine\/#breadcrumb"},"inLanguage":"fr-FR","potentialAction":[{"@type":"ReadAction","target":["https:\/\/minerail.fr\/index.php\/ouverture-du-musee-de-la-mine\/"]}]},{"@type":"ImageObject","inLanguage":"fr-FR","@id":"https:\/\/minerail.fr\/index.php\/ouverture-du-musee-de-la-mine\/#primaryimage","url":"https:\/\/minerail.fr\/wp-content\/uploads\/2020\/11\/IMG_20151005_141108-1400x600-1.jpg","contentUrl":"https:\/\/minerail.fr\/wp-content\/uploads\/2020\/11\/IMG_20151005_141108-1400x600-1.jpg","width":1400,"height":600,"caption":"le train des mineurs et un groupe d'enfants"},{"@type":"BreadcrumbList","@id":"https:\/\/minerail.fr\/index.php\/ouverture-du-musee-de-la-mine\/#breadcrumb","itemListElement":[{"@type":"ListItem","position":1,"name":"Accueil","item":"https:\/\/minerail.fr\/"},{"@type":"ListItem","position":2,"name":"Calendrier"}]},{"@type":"WebSite","@id":"https:\/\/minerail.fr\/#website","url":"https:\/\/minerail.fr\/","name":"MINERAIL","description":"150 ans d&#039;exploitation mini\u00e8re \u00e0 Messeix","publisher":{"@id":"https:\/\/minerail.fr\/#organization"},"potentialAction":[{"@type":"SearchAction","target":{"@type":"EntryPoint","urlTemplate":"https:\/\/minerail.fr\/?s={search_term_string}"},"query-input":{"@type":"PropertyValueSpecification","valueRequired":true,"valueName":"search_term_string"}}],"inLanguage":"fr-FR"},{"@type":"Organization","@id":"https:\/\/minerail.fr\/#organization","name":"MINERAIL","url":"https:\/\/minerail.fr\/","logo":{"@type":"ImageObject","inLanguage":"fr-FR","@id":"https:\/\/minerail.fr\/#\/schema\/logo\/image\/","url":"https:\/\/minerail.fr\/wp-content\/uploads\/2020\/10\/cropped-Minerail_Logo-1.png","contentUrl":"https:\/\/minerail.fr\/wp-content\/uploads\/2020\/10\/cropped-Minerail_Logo-1.png","width":232,"height":100,"caption":"MINERAIL"},"image":{"@id":"https:\/\/minerail.fr\/#\/schema\/logo\/image\/"},"sameAs":["https:\/\/www.facebook.com\/minerail","https:\/\/www.instagram.com\/explore\/locations\/967279510046135\/minerail-musee-de-la-mine-de-messeix\/"]}]}},"_links":{"self":[{"href":"https:\/\/minerail.fr\/index.php\/wp-json\/wp\/v2\/pages\/219","targetHints":{"allow":["GET"]}}],"collection":[{"href":"https:\/\/minerail.fr\/index.php\/wp-json\/wp\/v2\/pages"}],"about":[{"href":"https:\/\/minerail.fr\/index.php\/wp-json\/wp\/v2\/types\/page"}],"author":[{"embeddable":true,"href":"https:\/\/minerail.fr\/index.php\/wp-json\/wp\/v2\/users\/2"}],"replies":[{"embeddable":true,"href":"https:\/\/minerail.fr\/index.php\/wp-json\/wp\/v2\/comments?post=219"}],"version-history":[{"count":21,"href":"https:\/\/minerail.fr\/index.php\/wp-json\/wp\/v2\/pages\/219\/revisions"}],"predecessor-version":[{"id":1953,"href":"https:\/\/minerail.fr\/index.php\/wp-json\/wp\/v2\/pages\/219\/revisions\/1953"}],"wp:featuredmedia":[{"embeddable":true,"href":"https:\/\/minerail.fr\/index.php\/wp-json\/wp\/v2\/media\/310"}],"wp:attachment":[{"href":"https:\/\/minerail.fr\/index.php\/wp-json\/wp\/v2\/media?parent=219"}],"curies":[{"name":"wp","href":"https:\/\/api.w.org\/{rel}","templated":true}]}}